300?
2, 5, 53
What are the prime factors of 4994?
2, 11, 227
What are the prime factors of 1360?
2, 5, 17
What are the prime factors of 14528?
2, 227
What are the prime factors of 349?
349
List the prime factors of 44194.
2, 19, 1163
List the prime factors of 42.
2, 3, 7
List the prime factors of 11454.
2, 3, 23, 83
What are the prime factors of 94631?
173, 547
What are the prime factors of 28627?
28627
List the prime factors of 6044.
2, 1511
What are the prime factors of 7792?
2, 487
List the prime factors of 14184.
2, 3, 197
What are the prime factors of 2752?
2, 43
List the prime factors of 176.
2, 11
What are the prime factors of 74172?
2, 3, 7, 883
What are the prime factors of 13991?
17, 823
What are the prime factors of 39416?
2, 13, 379
List the prime factors of 4183.
47, 89
List the prime factors of 8518.
2, 4259
What are the prime factors of 37?
37
What are the prime factors of 524?
2, 131
List the prime factors of 12147.
3, 4049
List the prime factors of 24146.
2, 12073
What are the prime factors of 16?
2
List the prime factors of 45440.
2, 5, 71
List the prime factors of 1180.
2, 5, 59
List the prime factors of 11124.
2, 3, 103
What are the prime factors of 15397?
89, 173
List the prime factors of 4362.
2, 3, 727
What are the prime factors of 124685?
5, 11, 2267
What are the prime factors of 561?
3, 11, 17
List the prime factors of 841.
29
What are the prime factors of 1702?
2, 23, 37
List the prime factors of 778.
2, 389
List the prime factors of 1365.
3, 5, 7, 13
List the prime factors of 18225.
3, 5
What are the prime factors of 15043?
7, 307
List the prime factors of 1039.
1039
What are the prime factors of 4926?
2, 3, 821
List the prime factors of 10088.
2, 13, 97
What are the prime factors of 62436?
2, 3, 11, 43
What are the prime factors of 56506?
2, 19, 1487
What are the prime factors of 20796?
2, 3, 1733
What are the prime factors of 834?
2, 3, 139
List the prime factors of 27188.
2, 7, 971
What are the prime factors of 872?
2, 109
List the prime factors of 37642.
2, 11, 29, 59
List the prime factors of 32848.
2, 2053
List the prime factors of 5218.
2, 2609
List the prime factors of 42624.
2, 3, 37
What are the prime factors of 534?
2, 3, 89
List the prime factors of 4492.
2, 1123
What are the prime factors of 248?
2, 31
What are the prime factors of 2010?
2, 3, 5, 67
List the prime factors of 107502.
2, 3, 19, 23, 41
What are the prime factors of 41499?
3, 29, 53
What are the prime factors of 7148?
2, 1787
What are the prime factors of 81632?
2, 2551
What are the prime factors of 108584?
2, 7, 277
What are the prime factors of 1626?
2, 3, 271
What are the prime factors of 1428?
2, 3, 7, 17
What are the prime factors of 1276?
2, 11, 29
List the prime factors of 5341.
7, 109
What are the prime factors of 65625?
3, 5, 7
What are the prime factors of 40155?
3, 5, 2677
List the prime factors of 1585.
5, 317
What are the prime factors of 7375?
5, 59
What are the prime factors of 266?
2, 7, 19
What are the prime factors of 739?
739
List the prime factors of 1321.
1321
What are the prime factors of 1873?
1873
List the prime factors of 452.
2, 113
What are the prime factors of 556?
2, 139
What are the prime factors of 53488?
2, 3343
List the prime factors of 72417.
3, 101, 239
What are the prime factors of 1303?
1303
List the prime factors of 1403.
23, 61
What are the prime factors of 6306?
2, 3, 1051
What are the prime factors of 7219?
7219
List the prime factors of 5226.
2, 3, 13, 67
List the prime factors of 2313.
3, 257
What are the prime factors of 175?
5, 7
What are the prime factors of 765?
3, 5, 17
What are the prime factors of 346?
2, 173
What are the prime factors of 3681?
3, 409
List the prime factors of 1075.
5, 43
What are the prime factors of 3910?
2, 5, 17, 23
List the prime factors of 3477.
3, 19, 61
What are the prime factors of 4030?
2, 5, 13, 31
What are the prime factors of 2662?
2, 11
What are the prime factors of 7434?
2, 3, 7, 59
List the prime factors of 84687.
3, 28229
What are the prime factors of 5164?
2, 1291
What are the prime factors of 416?
2, 13
What are the prime factors of 527?
17, 31
List the prime factors of 955.
5, 191
What are the prime factors of 63979?
137, 467
List the prime factors of 5099.
5099
List the prime factors of 2229.
3, 743
List the prime factors of 84788.
2, 11, 41, 47
List the prime factors of 8254.
2, 4127
What are the prime factors of 1408?
2, 11
List the prime factors of 1220.
2, 5, 61
List the prime factors of 28272.
2, 3, 19, 31
List the prime factors of 8151.
3, 11, 13, 19
List the prime factors of 8990.
2, 5, 29, 31
What are the prime factors of 12354?
2, 3, 29, 71
List the prime factors of 75684.
2, 3, 7, 17, 53
What are the prime factors of 407?
11, 37
What are the prime factors of 145?
5, 29
What are the prime factors of 4341?
3, 1447
List the prime factors of 2745.
3, 5, 61
What are the prime factors of 1684?
2, 421
List the prime factors of 8732.
2, 37, 59
What are the prime factors of 2814?
2, 3, 7, 67
What are the prime factors of 28891?
167, 173
What are the prime factors of 95607?
3, 3541
What are the prime factors of 1055?
5, 211
What are the prime factors of 2277?
3, 11, 23
What are the prime factors of 27546?
2, 3, 4591
What are the prime factors of 4687?
43, 109
What are the prime factors of 2253?
3, 751
List the prime factors of 6032.
2, 13, 29
What are the prime factors of 5675?
5, 227
List the prime factors of 340.
2, 5, 17
What are the prime factors of 1305?
3, 5, 29
What are the prime factors of 823?
823
What are the prime factors of 44048?
2, 2753
List the prime factors of 6514.
2, 3257
What are the prime factors of 3032?
2, 379
List the prime factors of 649.
11, 59
List the prime factors of 124667.
59, 2113
What are the prime factors of 345?
3, 5, 23
What are the prime factors of 6107?
31, 197
What are the prime factors of 110624?
2, 3457
List the prime factors of 28.
2, 7
What are the prime factors of 59622?
2, 3, 19, 523
What are the prime factors of 23950?
2, 5, 479
List the prime factors of 106.
2, 53
What are the prime factors of 59288?
2, 7411
List the prime factors of 58840.
2, 5, 1471
List the prime factors of 1350.
2, 3, 5
What are the prime factors of 9889?
11, 29, 31
List the prime factors of 2233.
7, 11, 29
What are the prime factors of 1029?
3, 7
List the prime factors of 150580.
2, 5, 7529
What are the prime factors of 928?
2, 29
List the prime factors of 58253.
13, 4481
What are the prime factors of 16300?
2, 5, 163
List the prime factors of 553.
7, 79
List the prime factors of 59522.
2, 29761
List the prime factors of 2328.
2, 3, 97
List the prime factors of 2541.
3, 7, 11
What are the prime factors of 7264?
2, 227
List the prime factors of 723.
3, 241
List the prime factors of 23212.
2, 7, 829
What are the prime factors of 19958?
2, 17, 587
What are the prime factors of 4508?
2, 7, 23
What are the prime factors of 8571?
3, 2857
What are the prime factors of 5456?
2, 11, 31
What are the prime factors of 839?
839
What are the prime factors of 169802?
2, 59, 1439
What are the prime factors of 6919?
11, 17, 37
What are the prime factors of 195?
3, 5, 13
List the prime factors of 6225.
3, 5, 83
What are the prime factors of 1075?
5, 43
List the prime factors of 1092.
2, 3, 7, 13
What are the prime factors of 18766?
2, 11, 853
List the prime factors of 334.
2, 167
List the prime factors of 278.
2, 139
List the prime factors of 20809.
20809
What are the prime factors of 5748?
2, 3, 479
What are the prime factors of 1515?
3, 5, 101
List the prime factors of 3469.
3469
What are the prime factors of 28865?
5, 23, 251
List the prime factors of 172878.
2, 3, 28813
List the prime factors of 2216.
2, 277
What are the prime factors of 1051?
1051
List the prime factors of 4321.
29, 149
List the prime factors of 3860.
2, 5, 193
List the prime factors of 1962.
2, 3, 109
What are the prime factors of 27058?
2, 83, 163
List the prime factors of 5461.
43, 127
What are the prime factors of 10510?
2, 5, 1051
What are the prime factors of 11558?
2, 5779
List the prime factors of 536.
2, 67
List the prime factors of 530.
2, 5, 53
What are the prime factors of 14018?
2, 43, 163
What are the prime factors of 1282?
2, 641
List the prime factors of 51141.
3,